29 prime?
True
Is 17484343 prime?
True
Is 2332873 prime?
False
Is 98521793 prime?
True
Is 98689667 a prime number?
False
Is 10742969 a composite number?
False
Is 58871609 prime?
True
Is 74177731 a prime number?
True
Is 2975587 composite?
True
Is 2111677 composite?
False
Is 251433437 composite?
False
Is 11308849 prime?
True
Is 154815341 composite?
False
Is 75020149 a composite number?
False
Is 6013135 a prime number?
False
Is 3935741 composite?
True
Is 3406387 composite?
False
Is 284078 a prime number?
False
Is 1369147 a composite number?
True
Is 2226853 prime?
True
Is 6481061 a prime number?
False
Is 30214711 a composite number?
False
Is 92019767 a prime number?
False
Is 33100127 prime?
True
Is 536399 a composite number?
False
Is 70767953 a composite number?
False
Is 14250617 prime?
True
Is 35419757 a prime number?
True
Is 9234601 a prime number?
True
Is 2005721 composite?
True
Is 11082801 a composite number?
True
Is 1685381 a composite number?
False
Is 16370941 composite?
False
Is 58907111 a composite number?
True
Is 11017595 composite?
True
Is 5020331 prime?
True
Is 18400193 composite?
True
Is 19823059 a prime number?
False
Is 150950257 a prime number?
False
Is 2512217 a prime number?
True
Is 69022067 a prime number?
False
Is 465252743 a prime number?
False
Is 108578797 a composite number?
False
Is 937813 a composite number?
False
Is 3630053 composite?
True
Is 77430539 a composite number?
True
Is 32614727 prime?
True
Is 9624487 a composite number?
True
Is 161228909 a composite number?
False
Is 69436009 a prime number?
True
Is 1213447 a prime number?
False
Is 5728271 a prime number?
True
Is 1602077933 a prime number?
True
Is 8657227 prime?
False
Is 919529461 composite?
False
Is 45709187 prime?
True
Is 75660877 a composite number?
True
Is 2064761 a prime number?
True
Is 15529237 composite?
False
Is 6232173 prime?
False
Is 231799 composite?
False
Is 544207 prime?
False
Is 2663273 a prime number?
False
Is 1255271 prime?
False
Is 891619 composite?
True
Is 36285329 a prime number?
False
Is 27866057 composite?
False
Is 25144211 composite?
False
Is 509057 a composite number?
True
Is 210528431 a composite number?
False
Is 1967827 composite?
True
Is 96391 a composite number?
True
Is 608239 a composite number?
True
Is 99453371 composite?
False
Is 16253041 a prime number?
False
Is 5315771 a prime number?
False
Is 2054389 a prime number?
False
Is 1735961 a prime number?
True
Is 4933921 prime?
False
Is 467141747 prime?
True
Is 268459 a composite number?
False
Is 107528581 a composite number?
True
Is 10046891 prime?
True
Is 173660953 a prime number?
False
Is 899371 prime?
False
Is 64652659 a composite number?
True
Is 2091097 composite?
False
Is 240507569 composite?
False
Is 2852599 prime?
True
Is 1802377 composite?
True
Is 12880649 a prime number?
True
Is 10635109 prime?
False
Is 21480559 prime?
True
Is 263449741 composite?
False
Is 2113927 prime?
False
Is 5070809 a composite number?
False
Is 83236039 composite?
True
Is 328136057 a composite number?
True
Is 1277207 composite?
False
Is 3713441 prime?
True
Is 8651207 a composite number?
False
Is 4355515 a prime number?
False
Is 4972379 prime?
True
Is 22828711 composite?
False
Is 73764541 composite?
False
Is 733261 a prime number?
False
Is 30487439 a composite number?
True
Is 1838344109 a composite number?
True
Is 530319067 prime?
True
Is 8017811 composite?
False
Is 29383811 composite?
True
Is 9272983 prime?
True
Is 1214581 prime?
False
Is 82851017 a composite number?
False
Is 471287 a prime number?
False
Is 393117773 prime?
True
Is 760993 composite?
False
Is 12511453 a prime number?
True
Is 21064657 composite?
True
Is 302903 a composite number?
False
Is 3947297 a prime number?
True
Is 38802107 a prime number?
False
Is 1187687 a composite number?
False
Is 20364193 a composite number?
False
Is 10913003 a prime number?
True
Is 10975933 composite?
True
Is 216895181 a prime number?
True
Is 45666353 prime?
False
Is 1214909 a composite number?
False
Is 25960117 a prime number?
True
Is 509318 prime?
False
Is 201240293 a composite number?
False
Is 2122259 composite?
False
Is 33957661 composite?
True
Is 31668347 composite?
False
Is 10836367 a composite number?
True
Is 51800861 a prime number?
False
Is 23113603 a prime number?
True
Is 3137383 composite?
True
Is 320267 composite?
False
Is 160112543 a prime number?
True
Is 18257581 a prime number?
True
Is 3253769 prime?
False
Is 315347 a prime number?
False
Is 148824013 a composite number?
True
Is 340711 a composite number?
True
Is 4442069 composite?
False
Is 2388403 composite?
False
Is 32603251 a prime number?
True
Is 4677587 a composite number?
False
Is 32459197 a composite number?
True
Is 15914585 a prime number?
False
Is 3031241 prime?
False
Is 31945483 composite?
True
Is 7540831 composite?
False
Is 37022779 composite?
True
Is 137479507 composite?
True
Is 3115727 composite?
False
Is 33508473 a prime number?
False
Is 24992971 prime?
False
Is 88252783 composite?
False
Is 2893223 prime?
False
Is 4019614 prime?
False
Is 4876301 a composite number?
False
Is 23376583 a prime number?
True
Is 29850598 prime?
False
Is 281090471 a prime number?
True
Is 4399067 prime?
True
Is 23499221 a prime number?
False
Is 7106393 composite?
True
Is 27725263 prime?
True
Is 5564947 composite?
True
Is 16625523 a composite number?
True
Is 16612423 a composite number?
False
Is 37629827 a prime number?
True
Is 5324947 a composite number?
True
Is 163336933 composite?
False
Is 15730531 composite?
False
Is 70763047 a prime number?
False
Is 9464107 a prime number?
False
Is 7758607 a composite number?
False
Is 110394443 a composite number?
True
Is 54274139 a prime number?
True
Is 5320727 composite?
False
Is 247714018 prime?
False
Is 13831429 prime?
False
Is 18747083 composite?
True
Is 24325493 a composite number?
False
Is 5477911 composite?
True
Is 20348579 prime?
True
Is 18343517 prime?
True
Is 4367153 a prime number?
False
Is 522559 a prime number?
False
Is 210174539 a composite number?
False
Is 171202683 a prime number?
False
Is 23275799 composite?
False
Is 391834039 prime?
True
Is 90187379 a prime number?
True
Is 99712267 a composite number?
False
Is 1174913 prime?
True
Is 5245141 prime?
False
Is 3068693 prime?
False
Is 571133 prime?
True
Is 10364113 prime?
True
Is 200177 a composite number?
False
Is 55834247 prime?
False
Is 1301791 a composite number?
True
Is 140569502 composite?
True
Is 44897431 a composite number?
False
Is 459232177 a prime number?
True
Is 2276723 prime?
True
Is 389922511 a prime number?
False
Is 56696561 prime?
False
Is 3250573 a composite number?
False
Is 1112488253 a prime number?
True
Is 271252633 prime?
True
Is 8292899 prime?
False
Is 700057 a composite number?
False
Is 573575027 a prime number?
False
Is 20128097 a composite number?
True
Is 112717349 a prime number?
True
Is 15754183 a composite number?
True
Is 3653189 composite?
False
Is 1011137 composite?
False
Is 2912753 composite?
False
Is 7855747 a prime number?
True
Is 96409823 composite?
True
Is 499216105 prime?
False
Is 28617159 composite?
True
Is 47595497 prime?
True
Is 30021581 a composite number?
False
Is 80096641 prime?
False
Is 10266229 prime?
False
Is 5063431 a prime number?
True
Is 971818 composite?
True
Is 11682361 prime?
True
Is 5809987 prime?
False
Is 50778517 composite?
False
Is 478754687 a prime number?
True
Is 30036791 a prime number?
True
Is 93024617 composite?
True
Is 47516969 a composite number?
False
Is 70051921 composite?
True
Is 2853647 a prime number?
True
Is 2698921 a prime number?
True
Is 13067273 composite?
False
Is 421811179 composite?
True
Is 267926761 prime?
False
Is 248049101 a prime number?
True
Is 59494343 prime?
False
Is 7985381 composite?
False
Is 1196441 composite?
True
Is 84495433 a prime number?
False
Is 9525223 composite?
False
Is 303435239 prime?
True
Is 74205861 composite?
True
Is 47402501 composite?
True
Is 341049 a prime number?
False
Is 8025301 a composite number?
False
Is 16841309 a prime number?
False
Is 5480947 a prime number?
True
Is 196069 prime?
False
Is 950950489 a composite number?
False
Is 1546787 a prime number?
False
Is 563590877 a prime number?
False
Is 234749699 composite?
True
Is 42842083 composite?
True
Is 18415759 a composite number?
False
Is 3743521 compo